{"id":3,"date":"2019-09-24T07:00:08","date_gmt":"2019-09-24T07:00:08","guid":{"rendered":"http:\/\/cms.softwebo.pl\/?page_id=3"},"modified":"2019-10-23T09:31:41","modified_gmt":"2019-10-23T07:31:41","slug":"polityka-prywatnosci","status":"publish","type":"page","link":"https:\/\/softwebo.pl\/content\/polityka-prywatnosci\/","title":{"rendered":"Polityka prywatno\u015bci"},"content":{"rendered":"\n<div class=\"wp-block-animate-blocks-animate\" data-aos=\"fade-up\" data-aos-duration=\"500\">\n<h1 class=\"has-central-palette-2-color has-text-color\">Kim jeste\u015bmy<\/h1>\n\n\n\n<p>SOFTWEBO SP ZOO<br>Gwia\u017adzista 7A lokal 1,<br>01 651 Warszawa,<br>NIP 527 265 36 64<br>Adres strony internetowej &#8211; https:\/\/softwebo.pl.<\/p>\n\n\n\n<p>Administratorem danych jest SOFTWEBO SP ZOO z siedzib\u0105 w Warszawie, Gwia\u017adzista 7A lokal 1, 01 651 Warszawa,  z numerem identyfikacji podatkowej NIP:  527 265 36 64. Ochrona danych odbywa si\u0119 zgodnie z wymogami powszechnie obowi\u0105zuj\u0105cych przepis\u00f3w prawa, a ich przechowywanie ma miejsce na zabezpieczonych serwerach.<\/p>\n<\/div>\n\n\n\n<div class=\"wp-block-animate-blocks-animate\" data-aos=\"fade-up\" data-aos-duration=\"500\">\n<h1 class=\"has-central-palette-2-color has-text-color\">Jakie dane osobiste zbieramy i dlaczego<\/h1>\n\n\n\n<h2 class=\"has-central-palette-2-color has-text-color\">Formularze kontaktowe<\/h2>\n\n\n\n<p>Dane osobowe podawane w formularzu, s\u0105 traktowane jako poufne i nie s\u0105 widoczne dla os\u00f3b nieuprawnionych.<\/p>\n\n\n\n<p>Podczas wysy\u0142ania do nas wiadomo\u015bci, u\u017cywaj\u0105c formularza kontaktowego, wymagana jest zgoda na przetwarzanie twoich danych, zawartych w formularzu. S\u0105 one niezb\u0119dne, aby\u015bmy mogli kontynuowa\u0107 konwersacje mailow\u0105. Dane podane w formularzu, nie s\u0105 przekazywane do trzecioosobowych firm oraz nie s\u0105 wykorzystywane do analizy aktywno\u015bci u\u017cytkownika na naszej stronie.<\/p>\n\n\n\n<h2 class=\"has-central-palette-2-color has-text-color\">Ciasteczka<\/h2>\n\n\n\n<p>Strona internetowa &#8220;softwebo.pl&#8221; wykorzystuje &#8220;pliki cookies&#8221; (&#8220;ciasteczka&#8221;), podczas logowania do panelu administratora. Opr\u00f3cz tego, niekt\u00f3re z tre\u015bci, z witryn zewn\u0119trznych, mog\u0105 by\u0107 odpowiedzialne za dodatkowe wykorzystanie plik\u00f3w cookies, w celu \u015bledzenia, os\u00f3b, odwiedzaj\u0105cych stron\u0119 &#8220;softwebo.pl&#8221;.<\/p>\n\n\n\n<h2 class=\"has-central-palette-2-color has-text-color\">Osadzone tre\u015bci z innych witryn<\/h2>\n\n\n\n<p>Artyku\u0142y na tej witrynie mog\u0105 zawiera\u0107 osadzone tre\u015bci (np. filmy, obrazki, artyku\u0142y itp.). Osadzone tre\u015bci z innych witryn zachowuj\u0105 si\u0119 analogicznie do tego, jakby u\u017cytkownik odwiedzi\u0142 bezpo\u015brednio konkretn\u0105 witryn\u0119.<\/p>\n\n\n\n<p>Witryny mog\u0105 zbiera\u0107 informacje o tobie, u\u017cywa\u0107 ciasteczek, do\u0142\u0105cza\u0107 dodatkowe, zewn\u0119trzne systemy \u015bledzenia i monitorowa\u0107 twoje interakcje z osadzonym materia\u0142em, w\u0142\u0105czaj\u0105c w to \u015bledzenie twoich interakcji z osadzonym materia\u0142em je\u015bli posiadasz konto i jeste\u015b zalogowany w tamtej witrynie.<\/p>\n\n\n\n<p>W celu ograniczenia danych, kt\u00f3re s\u0105 zbierane przez witryny zewn\u0119trzne, wstawiamy tre\u015bci ze zmniejszon\u0105 ilo\u015bci\u0105 ciasteczek \u015bledz\u0105cych (np. filmy z &#8220;https:\/\/youtube.com&#8221; wstawiamy przy u\u017cyciu &#8220;https:\/\/youtube-nocookie.com\/&#8221;). Opr\u00f3cz tego, wi\u0119kszo\u015b\u0107 skrypt\u00f3w or czcionek, u\u017cytych na stronie, jest zapisana lokalnie, aby ograniczy\u0107 pobieranie zewn\u0119trznych danych.<\/p>\n\n\n\n<h2 class=\"has-central-palette-2-color has-text-color\">Analiza statystyk<\/h2>\n\n\n\n<p>W celu poprawiania jako\u015bci strony softwebo.pl, analizowane s\u0105 zanimizowane dane u\u017cytkownik\u00f3w odwiedzaj\u0105cych wymienion\u0105 stron\u0119. Podczas tworzenia statystyk ze strony, u\u017cywany jest oprogramowanie Motamo. Je\u015bli przegl\u0105darka u\u017cytkownika, wysy\u0142a odmow\u0119 &#8220;do not track&#8221;, narz\u0119dzie do tworzenia statystyk, nie podda zachowa\u0144 u\u017cytkownika analizie.<\/p>\n<\/div>\n\n\n\n<div class=\"wp-block-animate-blocks-animate\" data-aos=\"fade-up\" data-aos-duration=\"500\">\n<h1 class=\"has-central-palette-2-color has-text-color\">Z kim dzielimy si\u0119 danymi<\/h1>\n\n\n\n<p>Dane gromadzone podczas korzystania z naszej witryny s\u0105 bezpiecznie przechowywane na serwerze, na kt\u00f3rym znajduje si\u0119 domena. Zgromadzone informacje nie s\u0105 sprzedawane oraz nie s\u0105 przekazywane osobom trzecim &#8211; nieupowa\u017cnionym do panelu administracyjnego strony lub odpowiedzi na wiadomo\u015bci wys\u0142ane poprzez formularz kontaktowy. <\/p>\n<\/div>\n\n\n\n<div class=\"wp-block-animate-blocks-animate\" data-aos=\"fade-up\" data-aos-duration=\"500\">\n<h1 class=\"has-central-palette-2-color has-text-color\">Jak d\u0142ugo przechowujemy twoje dane<\/h1>\n\n\n\n<p>Je\u015bli wy\u015blesz do nas wiadomo\u015b\u0107, u\u017cywaj\u0105c formularza kontaktowego, jego tre\u015b\u0107 i metadane b\u0119d\u0105 przechowywane przez czas nieokre\u015blony. Dzi\u0119ki temu jeste\u015bmy w stanie rozpoznawa\u0107 i odpowiada\u0107 na kolejne wiadomo\u015bci mailowe, bez ka\u017cdorazowej weryfikacji nadawcy.<\/p>\n\n\n\n<p>Dla u\u017cytkownik\u00f3w kt\u00f3rzy zarejestrowali si\u0119 na naszej stronie internetowej (je\u015bli tacy s\u0105), przechowujemy r\u00f3wnie\u017c informacje osobiste wprowadzone w profilu. Ka\u017cdy u\u017cytkownik mo\u017ce dokona\u0107 wgl\u0105du, korekty albo skasowa\u0107 swoje informacje osobiste w dowolnej chwili (nie licz\u0105c nazwy u\u017cytkownika, kt\u00f3rej nie mo\u017cna zmieni\u0107). Administratorzy strony r\u00f3wnie\u017c mog\u0105 przegl\u0105da\u0107 i modyfikowa\u0107 te informacje.<\/p>\n<\/div>\n\n\n\n<div class=\"wp-block-animate-blocks-animate\" data-aos=\"fade-up\" data-aos-duration=\"500\">\n<h1 class=\"has-central-palette-2-color has-text-color\">Jakie masz prawa do swoich danych<\/h1>\n\n\n\n<p>Je\u015bli masz konto u\u017cytkownika, mo\u017cesz za\u017c\u0105da\u0107 dostarczenia pliku z wyeksportowanym kompletem twoich danych osobistych b\u0119d\u0105cych w naszym posiadaniu, w tym ca\u0142o\u015b\u0107 tych dostarczonych przez ciebie. Mo\u017cesz r\u00f3wnie\u017c za\u017c\u0105da\u0107 usuni\u0119cia przez nas ca\u0142o\u015bci twoich danych osobistych w naszym posiadaniu. Nie dotyczy to \u017cadnych danych kt\u00f3re jeste\u015bmy zobligowani zachowa\u0107 ze wzgl\u0119d\u00f3w administracyjnych, prawnych albo bezpiecze\u0144stwa.<\/p>\n<\/div>\n\n\n\n<div class=\"wp-block-animate-blocks-animate\" data-aos=\"fade-up\" data-aos-duration=\"500\">\n<h1 class=\"has-central-palette-2-color has-text-color\">Zg\u0142oszenie naruszenia<\/h1>\n\n\n\n<p>Je\u015bli uwa\u017casz, \u017ce dosz\u0142o do naruszenia, podczas korzystania z naszej strony (softwebo.pl), poinformuj nas o zaistnia\u0142ej informacji, napisz do nas na adres mailowy  biuro@softwebo.pl.<\/p>\n<\/div>\n\n\n\n<div class=\"wp-block-animate-blocks-animate\" data-aos=\"fade-up\" data-aos-duration=\"500\">\n<h1 class=\"has-central-palette-2-color has-text-color\">Informacje dodatkowe<\/h1>\n\n\n\n<p class=\"has-text-color has-central-palette-3-color\">Je\u015bli chcia\u0142by\u015b dowiedzie\u0107 si\u0119 wi\u0119cej, na temat tego jak egzekwowa\u0107 swoje prawo do prywatno\u015bci na naszej i innych stronach w internecie, odwied\u017a stron\u0119 Urz\u0119du Ochrony Danych Osobowych &#8211; https:\/\/uodo.gov.pl\/<\/p>\n<\/div>\n","protected":false},"excerpt":{"rendered":"","protected":false},"author":1,"featured_media":222,"parent":0,"menu_order":0,"comment_status":"closed","ping_status":"open","template":"","meta":{"_coblocks_attr":"","_coblocks_dimensions":"","_coblocks_responsive_height":"","_coblocks_accordion_ie_support":"","_uag_custom_page_level_css":""},"better_featured_image":{"id":222,"alt_text":"documents privacy policy","caption":"","description":"","media_type":"image","media_details":{"width":1400,"height":933,"file":"documents-privacy-policy.jpg","sizes":{"thumbnail":{"file":"documents-privacy-policy-150x150.jpg","width":150,"height":150,"mime-type":"image\/jpeg","source_url":"https:\/\/softwebo.pl\/content\/wp-content\/uploads\/documents-privacy-policy-150x150.jpg"},"medium":{"file":"documents-privacy-policy-300x200.jpg","width":300,"height":200,"mime-type":"image\/jpeg","source_url":"https:\/\/softwebo.pl\/content\/wp-content\/uploads\/documents-privacy-policy-300x200.jpg"},"medium_large":{"file":"documents-privacy-policy-768x512.jpg","width":768,"height":512,"mime-type":"image\/jpeg","source_url":"https:\/\/softwebo.pl\/content\/wp-content\/uploads\/documents-privacy-policy-768x512.jpg"},"large":{"file":"documents-privacy-policy-1024x682.jpg","width":1024,"height":682,"mime-type":"image\/jpeg","source_url":"https:\/\/softwebo.pl\/content\/wp-content\/uploads\/documents-privacy-policy-1024x682.jpg"},"mobile-320":{"file":"documents-privacy-policy-320x213.jpg","width":320,"height":213,"mime-type":"image\/jpeg","source_url":"https:\/\/softwebo.pl\/content\/wp-content\/uploads\/documents-privacy-policy-320x213.jpg"},"mobile-640":{"file":"documents-privacy-policy-640x427.jpg","width":640,"height":427,"mime-type":"image\/jpeg","source_url":"https:\/\/softwebo.pl\/content\/wp-content\/uploads\/documents-privacy-policy-640x427.jpg"},"mobile-360":{"file":"documents-privacy-policy-360x240.jpg","width":360,"height":240,"mime-type":"image\/jpeg","source_url":"https:\/\/softwebo.pl\/content\/wp-content\/uploads\/documents-privacy-policy-360x240.jpg"},"mobile-720":{"file":"documents-privacy-policy-720x480.jpg","width":720,"height":480,"mime-type":"image\/jpeg","source_url":"https:\/\/softwebo.pl\/content\/wp-content\/uploads\/documents-privacy-policy-720x480.jpg"},"mobile-1080":{"file":"documents-privacy-policy-1080x720.jpg","width":1080,"height":720,"mime-type":"image\/jpeg","source_url":"https:\/\/softwebo.pl\/content\/wp-content\/uploads\/documents-privacy-policy-1080x720.jpg"},"tablet-768":{"file":"documents-privacy-policy-768x512.jpg","width":768,"height":512,"mime-type":"image\/jpeg","source_url":"https:\/\/softwebo.pl\/content\/wp-content\/uploads\/documents-privacy-policy-768x512.jpg"},"tablet-800":{"file":"documents-privacy-policy-800x533.jpg","width":800,"height":533,"mime-type":"image\/jpeg","source_url":"https:\/\/softwebo.pl\/content\/wp-content\/uploads\/documents-privacy-policy-800x533.jpg"},"tablet-1024":{"file":"documents-privacy-policy-1024x682.jpg","width":1024,"height":682,"mime-type":"image\/jpeg","source_url":"https:\/\/softwebo.pl\/content\/wp-content\/uploads\/documents-privacy-policy-1024x682.jpg"},"tablet-1280":{"file":"documents-privacy-policy-1280x853.jpg","width":1280,"height":853,"mime-type":"image\/jpeg","source_url":"https:\/\/softwebo.pl\/content\/wp-content\/uploads\/documents-privacy-policy-1280x853.jpg"}},"image_meta":{"aperture":"0","credit":"","camera":"","caption":"","created_timestamp":"0","copyright":"","focal_length":"0","iso":"0","shutter_speed":"0","title":"","orientation":"1","keywords":[]}},"post":3,"source_url":"https:\/\/softwebo.pl\/content\/wp-content\/uploads\/documents-privacy-policy.jpg"},"acf":[],"yoast_head":"<!-- This site is optimized with the Yoast SEO plugin v19.4 - https:\/\/yoast.com\/wordpress\/plugins\/seo\/ -->\n<title>Polityka prywatno\u015bci - Softwebo<\/title>\n<meta name=\"description\" content=\"Polityka prywatno\u015bci firmy Softwebo, w j\u0119zyku polskim. Dowiedz si\u0119 jakie dane zbieramy, kto ma do nich dost\u0119p i jak d\u0142ugo s\u0105 na naszym serwerze.\" \/>\n<meta name=\"robots\" content=\"index, follow, max-snippet:-1, max-image-preview:large, max-video-preview:-1\" \/>\n<link rel=\"canonical\" href=\"https:\/\/softwebo.pl\/content\/polityka-prywatnosci\/\" \/>\n<meta property=\"og:locale\" content=\"en_US\" \/>\n<meta property=\"og:type\" content=\"article\" \/>\n<meta property=\"og:title\" content=\"Polityka prywatno\u015bci - Softwebo\" \/>\n<meta property=\"og:description\" content=\"Polityka prywatno\u015bci firmy Softwebo, w j\u0119zyku polskim. Dowiedz si\u0119 jakie dane zbieramy, kto ma do nich dost\u0119p i jak d\u0142ugo s\u0105 na naszym serwerze.\" \/>\n<meta property=\"og:url\" content=\"https:\/\/softwebo.pl\/content\/polityka-prywatnosci\/\" \/>\n<meta property=\"og:site_name\" content=\"Softwebo\" \/>\n<meta property=\"article:modified_time\" content=\"2019-10-23T07:31:41+00:00\" \/>\n<meta property=\"og:image\" content=\"https:\/\/softwebo.pl\/content\/wp-content\/uploads\/documents-privacy-policy.jpg\" \/>\n\t<meta property=\"og:image:width\" content=\"1400\" \/>\n\t<meta property=\"og:image:height\" content=\"933\" \/>\n\t<meta property=\"og:image:type\" content=\"image\/jpeg\" \/>\n<meta name=\"twitter:card\" content=\"summary_large_image\" \/>\n<meta name=\"twitter:label1\" content=\"Est. reading time\" \/>\n\t<meta name=\"twitter:data1\" content=\"3 minutes\" \/>\n<script type=\"application\/ld+json\" class=\"yoast-schema-graph\">{\"@context\":\"https:\/\/schema.org\",\"@graph\":[{\"@type\":\"Organization\",\"@id\":\"https:\/\/softwebo.pl\/content\/#organization\",\"name\":\"Softwebo\",\"url\":\"https:\/\/softwebo.pl\/content\/\",\"sameAs\":[\"https:\/\/www.youtube.com\/channel\/UCWSSF9MAFSkjSHj5Ti7Pt4w\"],\"logo\":{\"@type\":\"ImageObject\",\"inLanguage\":\"en-US\",\"@id\":\"https:\/\/softwebo.pl\/content\/#\/schema\/logo\/image\/\",\"url\":\"https:\/\/softwebo.pl\/content\/wp-content\/uploads\/sw_text.jpg\",\"contentUrl\":\"https:\/\/softwebo.pl\/content\/wp-content\/uploads\/sw_text.jpg\",\"width\":3937,\"height\":728,\"caption\":\"Softwebo\"},\"image\":{\"@id\":\"https:\/\/softwebo.pl\/content\/#\/schema\/logo\/image\/\"}},{\"@type\":\"WebSite\",\"@id\":\"https:\/\/softwebo.pl\/content\/#website\",\"url\":\"https:\/\/softwebo.pl\/content\/\",\"name\":\"Softwebo\",\"description\":\"Softwebo Polska, to agencja multimedialna, kt\u00f3ra od lat wsp\u00f3\u0142pracuje z firmami medycznymi i nie tylko. Tworzymy aplikacje na urz\u0105dzenia mobile z systemem android oraz ios.\",\"publisher\":{\"@id\":\"https:\/\/softwebo.pl\/content\/#organization\"},\"potentialAction\":[{\"@type\":\"SearchAction\",\"target\":{\"@type\":\"EntryPoint\",\"urlTemplate\":\"https:\/\/softwebo.pl\/content\/?s={search_term_string}\"},\"query-input\":\"required name=search_term_string\"}],\"inLanguage\":\"en-US\"},{\"@type\":\"WebPage\",\"@id\":\"https:\/\/softwebo.pl\/content\/polityka-prywatnosci\/\",\"url\":\"https:\/\/softwebo.pl\/content\/polityka-prywatnosci\/\",\"name\":\"Polityka prywatno\u015bci - Softwebo\",\"isPartOf\":{\"@id\":\"https:\/\/softwebo.pl\/content\/#website\"},\"datePublished\":\"2019-09-24T07:00:08+00:00\",\"dateModified\":\"2019-10-23T07:31:41+00:00\",\"description\":\"Polityka prywatno\u015bci firmy Softwebo, w j\u0119zyku polskim. Dowiedz si\u0119 jakie dane zbieramy, kto ma do nich dost\u0119p i jak d\u0142ugo s\u0105 na naszym serwerze.\",\"breadcrumb\":{\"@id\":\"https:\/\/softwebo.pl\/content\/polityka-prywatnosci\/#breadcrumb\"},\"inLanguage\":\"en-US\",\"potentialAction\":[{\"@type\":\"ReadAction\",\"target\":[\"https:\/\/softwebo.pl\/content\/polityka-prywatnosci\/\"]}]},{\"@type\":\"BreadcrumbList\",\"@id\":\"https:\/\/softwebo.pl\/content\/polityka-prywatnosci\/#breadcrumb\",\"itemListElement\":[{\"@type\":\"ListItem\",\"position\":1,\"name\":\"Home\",\"item\":\"https:\/\/softwebo.pl\/content\/\"},{\"@type\":\"ListItem\",\"position\":2,\"name\":\"Polityka prywatno\u015bci\"}]}]}<\/script>\n<!-- \/ Yoast SEO plugin. -->","yoast_head_json":{"title":"Polityka prywatno\u015bci - Softwebo","description":"Polityka prywatno\u015bci firmy Softwebo, w j\u0119zyku polskim. Dowiedz si\u0119 jakie dane zbieramy, kto ma do nich dost\u0119p i jak d\u0142ugo s\u0105 na naszym serwerze.","robots":{"index":"index","follow":"follow","max-snippet":"max-snippet:-1","max-image-preview":"max-image-preview:large","max-video-preview":"max-video-preview:-1"},"canonical":"https:\/\/softwebo.pl\/content\/polityka-prywatnosci\/","og_locale":"en_US","og_type":"article","og_title":"Polityka prywatno\u015bci - Softwebo","og_description":"Polityka prywatno\u015bci firmy Softwebo, w j\u0119zyku polskim. Dowiedz si\u0119 jakie dane zbieramy, kto ma do nich dost\u0119p i jak d\u0142ugo s\u0105 na naszym serwerze.","og_url":"https:\/\/softwebo.pl\/content\/polityka-prywatnosci\/","og_site_name":"Softwebo","article_modified_time":"2019-10-23T07:31:41+00:00","og_image":[{"width":1400,"height":933,"url":"https:\/\/softwebo.pl\/content\/wp-content\/uploads\/documents-privacy-policy.jpg","type":"image\/jpeg"}],"twitter_card":"summary_large_image","twitter_misc":{"Est. reading time":"3 minutes"},"schema":{"@context":"https:\/\/schema.org","@graph":[{"@type":"Organization","@id":"https:\/\/softwebo.pl\/content\/#organization","name":"Softwebo","url":"https:\/\/softwebo.pl\/content\/","sameAs":["https:\/\/www.youtube.com\/channel\/UCWSSF9MAFSkjSHj5Ti7Pt4w"],"logo":{"@type":"ImageObject","inLanguage":"en-US","@id":"https:\/\/softwebo.pl\/content\/#\/schema\/logo\/image\/","url":"https:\/\/softwebo.pl\/content\/wp-content\/uploads\/sw_text.jpg","contentUrl":"https:\/\/softwebo.pl\/content\/wp-content\/uploads\/sw_text.jpg","width":3937,"height":728,"caption":"Softwebo"},"image":{"@id":"https:\/\/softwebo.pl\/content\/#\/schema\/logo\/image\/"}},{"@type":"WebSite","@id":"https:\/\/softwebo.pl\/content\/#website","url":"https:\/\/softwebo.pl\/content\/","name":"Softwebo","description":"Softwebo Polska, to agencja multimedialna, kt\u00f3ra od lat wsp\u00f3\u0142pracuje z firmami medycznymi i nie tylko. Tworzymy aplikacje na urz\u0105dzenia mobile z systemem android oraz ios.","publisher":{"@id":"https:\/\/softwebo.pl\/content\/#organization"},"potentialAction":[{"@type":"SearchAction","target":{"@type":"EntryPoint","urlTemplate":"https:\/\/softwebo.pl\/content\/?s={search_term_string}"},"query-input":"required name=search_term_string"}],"inLanguage":"en-US"},{"@type":"WebPage","@id":"https:\/\/softwebo.pl\/content\/polityka-prywatnosci\/","url":"https:\/\/softwebo.pl\/content\/polityka-prywatnosci\/","name":"Polityka prywatno\u015bci - Softwebo","isPartOf":{"@id":"https:\/\/softwebo.pl\/content\/#website"},"datePublished":"2019-09-24T07:00:08+00:00","dateModified":"2019-10-23T07:31:41+00:00","description":"Polityka prywatno\u015bci firmy Softwebo, w j\u0119zyku polskim. Dowiedz si\u0119 jakie dane zbieramy, kto ma do nich dost\u0119p i jak d\u0142ugo s\u0105 na naszym serwerze.","breadcrumb":{"@id":"https:\/\/softwebo.pl\/content\/polityka-prywatnosci\/#breadcrumb"},"inLanguage":"en-US","potentialAction":[{"@type":"ReadAction","target":["https:\/\/softwebo.pl\/content\/polityka-prywatnosci\/"]}]},{"@type":"BreadcrumbList","@id":"https:\/\/softwebo.pl\/content\/polityka-prywatnosci\/#breadcrumb","itemListElement":[{"@type":"ListItem","position":1,"name":"Home","item":"https:\/\/softwebo.pl\/content\/"},{"@type":"ListItem","position":2,"name":"Polityka prywatno\u015bci"}]}]}},"uagb_featured_image_src":{"full":["https:\/\/softwebo.pl\/content\/wp-content\/uploads\/documents-privacy-policy.jpg",1400,933,false],"thumbnail":["https:\/\/softwebo.pl\/content\/wp-content\/uploads\/documents-privacy-policy-150x150.jpg",150,150,true],"medium":["https:\/\/softwebo.pl\/content\/wp-content\/uploads\/documents-privacy-policy-300x200.jpg",300,200,true],"medium_large":["https:\/\/softwebo.pl\/content\/wp-content\/uploads\/documents-privacy-policy-768x512.jpg",740,493,true],"large":["https:\/\/softwebo.pl\/content\/wp-content\/uploads\/documents-privacy-policy-1024x682.jpg",740,493,true],"1536x1536":["https:\/\/softwebo.pl\/content\/wp-content\/uploads\/documents-privacy-policy.jpg",1400,933,false],"2048x2048":["https:\/\/softwebo.pl\/content\/wp-content\/uploads\/documents-privacy-policy.jpg",1400,933,false]},"uagb_author_info":{"display_name":"tbat","author_link":"https:\/\/softwebo.pl\/content\/author\/tbat\/"},"uagb_comment_info":0,"uagb_excerpt":null,"_links":{"self":[{"href":"https:\/\/softwebo.pl\/content\/wp-json\/wp\/v2\/pages\/3"}],"collection":[{"href":"https:\/\/softwebo.pl\/content\/wp-json\/wp\/v2\/pages"}],"about":[{"href":"https:\/\/softwebo.pl\/content\/wp-json\/wp\/v2\/types\/page"}],"author":[{"embeddable":true,"href":"https:\/\/softwebo.pl\/content\/wp-json\/wp\/v2\/users\/1"}],"replies":[{"embeddable":true,"href":"https:\/\/softwebo.pl\/content\/wp-json\/wp\/v2\/comments?post=3"}],"version-history":[{"count":19,"href":"https:\/\/softwebo.pl\/content\/wp-json\/wp\/v2\/pages\/3\/revisions"}],"predecessor-version":[{"id":247,"href":"https:\/\/softwebo.pl\/content\/wp-json\/wp\/v2\/pages\/3\/revisions\/247"}],"wp:featuredmedia":[{"embeddable":true,"href":"https:\/\/softwebo.pl\/content\/wp-json\/wp\/v2\/media\/222"}],"wp:attachment":[{"href":"https:\/\/softwebo.pl\/content\/wp-json\/wp\/v2\/media?parent=3"}],"curies":[{"name":"wp","href":"https:\/\/api.w.org\/{rel}","templated":true}]}}